n base 4, what is 121023320 + -33121?
120330133
In base 6, what is 0 - -110510445?
110510445
In base 4, what is 1 - -2133222110011?
2133222110012
In base 4, what is -210 - 112201032131?
-112201033001
In base 16, what is b59580 + 1?
b59581
In base 15, what is 94d77 - -9?
94d81
In base 4, what is -2 - 13031212022?
-13031212030
In base 11, what is 72 + -4989a17?
-4989955
In base 6, what is 40223 - 11113?
25110
In base 16, what is 3f51 - 142?
3e0f
In base 14, what is 49130 + 749?
49879
In base 9, what is 55 + 38452488?
38452554
In base 10, what is 4566 - 3502?
1064
In base 16, what is 7 - 69118?
-69111
In base 8, what is -1117 + 1674554?
1673435
In base 10, what is 152988 + -5?
152983
In base 4, what is -1 + -130223222220?
-130223222221
In base 4, what is -132031 + 20212221?
20020130
In base 4, what is -1123333310311 - 2?
-1123333310313
In base 9, what is -12622484 - 6?
-12622501
In base 13, what is -157a7c + -42?
-157ac1
In base 13, what is 2a027 + 13?
2a03a
In base 14, what is 9 + -17501c?
-175013
In base 6, what is 5 + 3052244343?
3052244352
In base 4, what is -321 - 1100212?
-1101133
In base 6, what is -500422 + -140?
-501002
In base 13, what is -1b + 35961a?
3595cc
In base 14, what is 3 - 27cd546?
-27cd543
In base 5, what is 101024423 + -2?
101024421
In base 3, what is -11 + -101201220102122010?
-101201220102122021
In base 2, what is -10101001101 + -1101110?
-10110111011
In base 10, what is -776433 + -858?
-777291
In base 15, what is -3 - -3b3cc1d?
3b3cc1a
In base 12, what is -14713 + 361?
-14372
In base 15, what is -86 + 2331?
229a
In base 2, what is -100 + 1001100000010011101?
1001100000010011001
In base 2, what is -100011001 + 110101110101101110?
110101110001010101
In base 15, what is -7d2162 - -2?
-7d2160
In base 16, what is 2188cb - 6?
2188c5
In base 4, what is 122203010 - -1311?
122210321
In base 6, what is -24351 + -13131?
-41522
In base 2, what is 1010101011000011000000 - 1111?
1010101011000010110001
In base 8, what is 345334 - -40?
345374
In base 6, what is 42142543 + -351?
42142152
In base 15, what is -22b - 295?
-4c1
In base 14, what is -44db + -20?
-451b
In base 7, what is -5 - -24045155?
24045150
In base 3, what is -1112120220212210 + 11?
-1112120220212122
In base 7, what is 1 + -123104415?
-123104414
In base 4, what is 132321031 + 1121?
132322212
In base 4, what is -1022111122 + -3230?
-1022121012
In base 7, what is -3052214 - -30?
-3052154
In base 13, what is 37c56 - 25?
37c31
In base 2, what is 10000100000101 + 111011011001011?
1001011111010000
In base 8, what is -2 - 350245663?
-350245665
In base 3, what is -2021111 + -1200001212?
-1202100100
In base 5, what is -222433324 + 2442?
-222430332
In base 2, what is 1001000101111111111 + 100?
1001000110000000011
In base 4, what is -2 + 12030110013?
12030110011
In base 3, what is -212221112 - -100112122?
-112101220
In base 5, what is -240132411414 - 2?
-240132411421
In base 10, what is -2983399 + -7?
-2983406
In base 15, what is 1 - -3e7ab9?
3e7aba
In base 6, what is -20230323 + -5?
-20230332
In base 13, what is -4a - -1184b3?
118466
In base 7, what is -1025 - -524424?
523366
In base 6, what is -1 + -4412214514?
-4412214515
In base 3, what is 12 + -10102000200200?
-10102000200111
In base 12, what is -122b6836 - -2a?
-122b6808
In base 6, what is -3 - -44225551?
44225544
In base 16, what is -9d34e5c - 5?
-9d34e61
In base 16, what is -513a - -1ec6?
-3274
In base 5, what is 132104 + -300141?
-113032
In base 15, what is -a5e3b - -3?
-a5e38
In base 11, what is 51 + 1621501?
1621552
In base 11, what is 1089 - -26789?
27867
In base 6, what is 4 + 3452?
3500
In base 11, what is -490216a5 + 4?
-490216a1
In base 12, what is 2 - 633006?
-633004
In base 4, what is 122031123 - 0?
122031123
In base 9, what is 773144 + 571?
773725
In base 3, what is 22101 - 2112201111110?
-2112201012002
In base 13, what is -5a46a + 63?
-5a407
In base 15, what is 4 - -218702d?
2187032
In base 11, what is 6 - -2062a92?
2062a98
In base 3, what is 1201000120010212100 + -12?
1201000120010212011
In base 14, what is c5c3c8d + 1?
c5c3c90
In base 12, what is 8 + -6575b5?
-6575a9
In base 13, what is -30c5a7 + -15?
-30c5bc
In base 5, what is 204402422 - -232?
204403204
In base 16, what is 125d + -874?
9e9
In base 13, what is -25932042 + 5?
-2593203a
In base 7, what is -24 - 115634545?
-115634602
In base 7, what is -16221110 + 10?
-16221100
In base 8, what is 6076 - -12762?
21060
In base 10, what is -29508 + -3327?
-32835
In base 5, what is 2204130 - -4122?
2213302
In base 2, what is 111000111100 + -111010110101?
-1111001
In base 8, what is -2444217 - -1311?
-2442706
In base 6, what is -102423 - -101032?
-1351
In base 15, what is -5 - -19d230?
19d22a
In base 15, what is -2417288 - -14?
-2417274
In base 8, what is -30 - 1356763?
-1357013
In base 2, what is 0 - 1000001010011100000100010110?
-1000001010011100000100010110
In base 16, what is 259b5 - 6d?
25948
In base 15, what is 4 - -120c39?
120c3d
In base 4, what is 322002222 + 10120?
322013002
In base 14, what is 216d4 + -8c?
21646
In base 10, what is 0 + -182821314?
-182821314
In base 11, what is -417 - -8996?
857a
In base 6, what is 3002151054 + 1?
3002151055
In base 3, what is -1221 + -201210012202?
-201210021200
In base 5, what is -3 - -202043222341?
202043222333
In base 4, what is 121121203121 - 10?
121121203111
In base 15, what is -3ec2a26 - -5?
-3ec2a21
In base 4, what is -1332 - 11230333002?
-11231001000
In base 14, what is -7cc - -a2d79?
a258b
In base 5, what is -4010 + -112440101?
-112444111
In base 4, what is 32201301201 - -1?
32201301202
In base 7, what is 254 + 2003432?
2004016
In base 15, what is -1 - 14d02b7?
-14d02b8
In base 14, what is 21b5 - 14a?
2069
In base 11, what is -6702458 + -5?
-6702462
In base 13, what is -5 - -26066159?
26066154
In base 7, what is -255 + -22004?
-22262
In base 4, what is 33 + -3032210213?
-3032210120
In base 16, what is -15f + -7ead3?
-7ec32
In base 6, what is -420050401 - -503?
-420045454
In base 8, what is 1 - -1626205621?
1626205622
In base 12, what is 6a2880b - 0?
6a2880b
In base 3, what is -22220202 - 120122000?
-220112202
In base 14, what is -c18544 + 1?
-c18543
In base 9, what is 513504 + 3?
513507
In base 2, what is 1101010101100001101011 - -11?
1101010101100001101110
In base 13, what is -175c6 - 5b?
-17654
In base 13, what is 2cb + 449b?
4799
In base 14, what is -12 + -23a828?
-23a83a
In base 5, what is 2401212 - 20020?
2331142
In base 13, what is b8811 + -4?
b880a
In base 6, what is 133 - 55114004?
-55113431
In base 11, what is 7a303 + -17?
7a297
In base 15, what is 20d85 - -142?
20ec7
In base 6, what is 100333532 + 5?
100333541
In base 4, what is 30231001220010 - -2?
30231001220012
In base 13, what is cc24 + 496?
103ba
In base 12, what is 6ab5 - 1359?
5758
In base 4, what is -20 + -300303010133?
-300303010213
In base 16, what is -6b8642 + -2?
-6b8644
In base 12, what is -7634873 + -4?
-7634877
In base 8, what is -11015 - -751?
-10044
In base 8, what is 30325422 - -3?
30325425
In base 7, what is 664 - 1600116?
-1566122
In base 10, what is 1 + 2169919?
2169920
In base 5, what is 1303023342 - -41?
1303023433
In base 8, what is 35 + -127707?
-127652
In base 2, what is -101001011001011010010111011 + 101?
-101001011001011010010110110
In base 4, what is -10230321031 - 112?
-10230321203
In base 3, what is -22000221212 - 2001?
-22001000220
In base 16, what is 6 + 840697?
84069d
In base 12, what is -1 + -1341a87b?
-1341a880
In base 16, what is 3376 - d4?
32a2
In base 10, what is 1380 + 480?
1860
In base 11, what is -329 - -12780?
12452
In base 8, what is 1020031 - -761?
1021012
In base 7, what is 61312 + 501154?
562466
In base 2, what is 10 - 11100110111100001110000?
-11100110111100001101110
In base 8, what is -46066 - 14411?
-62477
In base 8, what is -5 + -54434507?
-54434514
In base 13, what is -b + -35961b8?
-35961c6
In base 6, what is -3550 - 355122?
-403112
In base 15, what is 10d0 - 1e136?
-1d056
In base 6, what is -10033 + 515223?
505150
In base 14, what is -3 - -3752abd?
3752aba
In base 12, what is -6b09b9 - 4?
-6b0a01
In base 8, what is 111 - 1470273?
-1470162
In base 13, what is -7407b + -5?
-74083
In base 7, what is 2053 - -10315352?
10320435
In base 8, what is -6 - -557242723?
557242715
In base 12, what is 859 - -2956